s digit of 655794952?
7
What is the ten millions digit of 469442591?
6
What is the ten millions digit of 537069330?
3
What is the hundreds digit of 81072381?
3
What is the ten millions digit of 8277798837?
7
What is the millions digit of 5055519085?
5
What is the ten millions digit of 358823177?
5
What is the ten thousands digit of 186425097?
2
What is the millions digit of 58178089?
8
What is the ten millions digit of 61571951?
6
What is the hundreds digit of 8915557?
5
What is the tens digit of 13658486?
8
What is the hundreds digit of 46216877?
8
What is the hundreds digit of 51448281?
2
What is the tens digit of 16721517?
1
What is the hundred thousands digit of 1759125?
7
What is the thousands digit of 1792162638?
2
What is the millions digit of 4191837782?
1
What is the hundred thousands digit of 277203740?
2
What is the millions digit of 29155036?
9
What is the billions digit of 2168175458?
2
What is the units digit of 568221601?
1
What is the thousands digit of 683855189?
5
What is the thousands digit of 196484667?
4
What is the ten millions digit of 433920804?
3
What is the tens digit of 4325190211?
1
What is the hundred thousands digit of 1419192109?
1
What is the hundred thousands digit of 1644867208?
8
What is the thousands digit of 280093173?
3
What is the ten millions digit of 18065963?
1
What is the thousands digit of 3924713787?
3
What is the millions digit of 16802775?
6
What is the hundreds digit of 4397346?
3
What is the ten thousands digit of 94884361?
8
What is the thousands digit of 115746282?
6
What is the thousands digit of 4107097?
7
What is the hundred millions digit of 3271868942?
2
What is the ten thousands digit of 4006682089?
8
What is the hundreds digit of 16364513?
5
What is the ten thousands digit of 526788702?
8
What is the millions digit of 302542136?
2
What is the tens digit of 102317200?
0
What is the units digit of 180485132?
2
What is the hundred thousands digit of 2872560618?
5
What is the tens digit of 37157659?
5
What is the thousands digit of 140184095?
4
What is the millions digit of 11203897?
1
What is the hundreds digit of 10965147?
1
What is the ten thousands digit of 28345225?
4
What is the hundreds digit of 710743560?
5
What is the ten thousands digit of 1145748752?
4
What is the ten thousands digit of 37630508?
3
What is the hundreds digit of 401066122?
1
What is the thousands digit of 456318183?
8
What is the units digit of 1301293652?
2
What is the ten millions digit of 134274564?
3
What is the ten thousands digit of 3497042570?
4
What is the hundreds digit of 67503171?
1
What is the hundred millions digit of 1392359921?
3
What is the tens digit of 84631061?
6
What is the millions digit of 115944925?
5
What is the hundred thousands digit of 33826621?
8
What is the tens digit of 1168842798?
9
What is the ten millions digit of 144852480?
4
What is the units digit of 2107462793?
3
What is the tens digit of 1011015209?
0
What is the hundred millions digit of 344474342?
3
What is the thousands digit of 1114274?
4
What is the units digit of 47300137?
7
What is the thousands digit of 1006206604?
6
What is the thousands digit of 373136011?
6
What is the ten thousands digit of 82331154?
3
What is the ten thousands digit of 175985117?
8
What is the ten thousands digit of 222859084?
5
What is the hundred millions digit of 2247525399?
2
What is the ten millions digit of 104931284?
0
What is the thousands digit of 115086445?
6
What is the units digit of 20218084?
4
What is the tens digit of 9434128?
2
What is the tens digit of 29694495?
9
What is the hundred thousands digit of 5471539?
4
What is the hundreds digit of 224858455?
4
What is the ten thousands digit of 34273907?
7
What is the millions digit of 63586060?
3
What is the tens digit of 24749037?
3
What is the hundred thousands digit of 3323721099?
7
What is the hundreds digit of 38808857?
8
What is the hundred thousands digit of 35453025?
4
What is the ten millions digit of 24848759?
2
What is the ten thousands digit of 104002291?
0
What is the hundred millions digit of 178258947?
1
What is the millions digit of 41420732?
1
What is the millions digit of 196512480?
6
What is the thousands digit of 23340899?
0
What is the thousands digit of 499480370?
0
What is the ten millions digit of 57036126?
5
What is the units digit of 12424815?
5
What is the ten millions digit of 346654090?
4
What is the billions digit of 4086289722?
4
What is the units digit of 1425448551?
1
What is the thousands digit of 50116167?
6
What is the hundred millions digit of 1308058574?
3
What is the units digit of 463890536?
6
What is the hundreds digit of 25870054?
0
What is the thousands digit of 2168624428?
4
What is the tens digit of 2603813402?
0
What is the hundred millions digit of 4296574813?
2
What is the millions digit of 283422804?
3
What is the hundreds digit of 776184126?
1
What is the units digit of 66156420?
0
What is the tens digit of 393452977?
7
What is the hundred thousands digit of 89529014?
5
What is the millions digit of 35238632?
5
What is the ten thousands digit of 296449080?
4
What is the tens digit of 19002535?
3
What is the thousands digit of 8613278510?
8
What is the hundreds digit of 91871420?
4
What is the tens digit of 2349676617?
1
What is the ten thousands digit of 93694693?
9
What is the hundreds digit of 148118310?
3
What is the ten thousands digit of 23771509?
7
What is the ten millions digit of 61344581?
6
What is the tens digit of 7340891?
9
What is the ten thousands digit of 604537650?
3
What is the hundred thousands digit of 306328044?
3
What is the ten millions digit of 99952494?
9
What is the hundred millions digit of 1401515451?
4
What is the millions digit of 8201600296?
1
What is the hundred thousands digit of 263612669?
6
What is the hundred thousands digit of 2932676726?
6
What is the millions digit of 185738008?
5
What is the millions digit of 212706615?
2
What is the millions digit of 2899358324?
9
What is the hundreds digit of 81181077?
0
What is the hundred millions digit of 1038534916?
0
What is the tens digit of 323257117?
1
What is the units digit of 131870864?
4
What is the thousands digit of 16936548?
6
What is the ten thousands digit of 23122833?
2
What is the thousands digit of 8541202?
1
What is the ten millions digit of 782599707?
8
What is the hundred millions digit of 2329922920?
3
What is the ten millions digit of 2130908427?
3
What is the hundreds digit of 56139568?
5
What is the hundred thousands digit of 53879878?
8
What is the ten millions digit of 57048796?
5
What is the hundreds digit of 245755627?
6
What is the thousands digit of 302172569?
2
What is the millions digit of 51860103?
1
What is the hundreds digit of 301142313?
3
What is the thousands digit of 5922170?
2
What is the thousands digit of 49150855?
0
What is the units digit of 489265514?
4
What is the tens digit of 42897592?
9
What is the ten millions digit of 28433264?
2
What is the hundreds digit of 1372437819?
8
What is the units digit of 40793237?
7
What is the ten millions digit of 801314739?
0
What is the ten millions digit of 1680425122?
8
What is the hundred thousands digit of 61869885?
8
What is the units digit of 1052842054?
4
What is the hundred thousands digit of 736827398?
8
What is the units digit of 207921961?
1
What is the tens digit of 969771655?
5
What is the thousands digit of 59283581?
3
What is the millions digit of 42019118?
2
What is the tens digit of 272102371?
7
What is the hundred thousands digit of 2404821156?
8
What is the ten thousands digit of 1716787?
1
What is the thousands digit of 223987717?
7
What is the tens digit of 837653857?
5
What is the units digit of 7078233?
3
What is the tens digit of 1305113943?
4
What is the millions digit of 283999572?
3
What is the units digit of 2046407372?
2
What is the tens digit of 22789588?
8
What is the thousands digit of 3177068646?
8
What is the ten thousands digit of 38025317?
2
What is the thousands digit of 208195659?
5
What is the tens digit of 87262554?
5
What is the units digit of 1701206895?
5
What is the tens digit of 365130525?
2
What is the tens digit of 3261090538?
3
What is the hundreds digit of 3724685?
6
What is the ten thousands digit of 2406830425?
3
What is 